{"id":2280,"date":"2021-02-28T19:10:41","date_gmt":"2021-02-28T19:10:41","guid":{"rendered":"https:\/\/pegaso.webs.upv.es\/?page_id=2280"},"modified":"2024-03-06T10:13:17","modified_gmt":"2024-03-06T10:13:17","slug":"estudio-de-la-madera","status":"publish","type":"page","link":"https:\/\/pegaso.webs.upv.es\/index.php\/estudio-de-la-madera\/","title":{"rendered":"Estudio de la madera"},"content":{"rendered":"\n<h6 class=\"wp-block-heading has-black-color has-text-color\">ESTUDIO DE LA MADERA<\/h6>\n\n\n\n<p class=\"has-black-color has-text-color\" style=\"font-size:14px\"><strong>INVESTIGADORA<\/strong>: Alicia Hueto Escobar. <\/p>\n\n\n\n<div class=\"wp-block-columns is-layout-flex wp-container-core-columns-is-layout-28f84493 wp-block-columns-is-layout-flex\"><\/div>\n\n\n\n<div class=\"wp-block-columns is-layout-flex wp-container-core-columns-is-layout-28f84493 wp-block-columns-is-layout-flex\">\n<div class=\"wp-block-column is-layout-flow wp-block-column-is-layout-flow\">\n<p class=\"justificar has-black-color has-text-color\" style=\"font-size:14px\">El laboratorio tiene como objetivo&nbsp;<strong>estudiar la madera empleada hist\u00f3ricamente en el patrimonio principalmente a nivel estructural<\/strong>&nbsp;y ocasionalmente en elementos no estructurales. En primer lugar, la actividad del laboratorio se concentra en el reconocimiento de la estructura anat\u00f3mica de muestras de madera a trav\u00e9s del uso del microscopio; esto hace posible la&nbsp;<strong>determinaci\u00f3n de las especies<\/strong>&nbsp;le\u00f1osas y, por consiguiente, de ciertas caracter\u00edsticas est\u00e9ticas, f\u00edsicas, mec\u00e1nicas y la capacidad de soportar ataques bi\u00f3ticos. En segundo lugar, en el contexto del estudio de la madera en el patrimonio cultural, el laboratorio lleva a cabo trabajos de&nbsp;<strong>investigaci\u00f3n cualitativa y cuantitativa in situ sobre el estado de conservaci\u00f3n de la madera<\/strong>&nbsp;con el fin de detectar el tipo, extensi\u00f3n y causas de las patolog\u00edas encontradas. Asimismo, se analizan las caracter\u00edsticas y defectos de la madera para obtener una aproximaci\u00f3n a la caracterizaci\u00f3n de resistencia de los elementos estructurales. Finalmente, el laboratorio se dedica a la&nbsp;<strong>dataci\u00f3n dendrocronol\u00f3gica<\/strong>&nbsp;de artefactos de madera de inter\u00e9s hist\u00f3rico, principalmente de estructuras en la arquitectura, pero tambi\u00e9n artefactos art\u00edsticos. En todo caso, las labores del laboratorio se desarrollan tanto in situ, elaborando levantamientos detallados, estudiando la madera y recogiendo muestras, como en gabinete analizando dichas muestras con el fin de obtener un conocimiento profundo y detallado que est\u00e9 a la base de sucesivas acciones de conservaci\u00f3n y restauraci\u00f3n.<br><br><em>Instrumentos propios<\/em><br>&#8211; C\u00e1mara termogr\u00e1fica, modelo FLIR E60bx<br>&#8211; Medidor de humedad Flir MR77<br>&#8211; Lupa electr\u00f3nica Dino-Lite&nbsp;<br>&#8211; Barrena de Pressler<br>&#8211; Endoscopio Depstech<br><br><em>Otros instrumentos de la UPV que se emplean para los estudios:<\/em><br>&#8211; Estereomicroscopio \u00f3ptico de transmisi\u00f3n Nikon H600L; (con c\u00e1mara Leica DFC 426 para la captaci\u00f3n de im\u00e1genes)<br>&#8211; Resistogr\u00e1fico Rinntech Resistograph 3450-P.<br><br><strong>Principales estudios realizados:<\/strong><br><br>&#8211; Estudio termogr\u00e1fico, diagn\u00f3stico de carpinter\u00edas e identificaci\u00f3n de muestras de madera para la&nbsp;<em>Redacci\u00f3n de la Modificaci\u00f3n del Proyecto de Ejecuci\u00f3n de Rehabilitaci\u00f3n del Pabell\u00f3n del Portero de los Pabellones G\u00fcell<\/em>, Barcelona &#8211; 2019&nbsp;<br><br>&#8211; Estudio termogr\u00e1fico para el&nbsp;<em>Plan Director del Castell de Petr\u00e9s<\/em>, Valencia &#8211; 2019<br><br>&#8211; Estudio diagn\u00f3stico de la estructura de madera de la cubierta de la Torre de Calig y del Edificio en calle Teniente Fuentes, 2 para el&nbsp;<em>Proyecto de Restauraci\u00f3n Urgente de la Torre de C\u00e0lig: Restituci\u00f3n de la Coronaci\u00f3n y la Pasarela de la Torre de C\u00e0lig<\/em>, Castell\u00f3n &#8211; 2019<br><br>&#8211; Estudio de infiltraciones de agua mediante termograf\u00eda infrarroja en concurrencia con la prueba de inundaci\u00f3n en la cubierta del edificio de calle de Micer Masc\u00f3 11, Valencia &#8211; 2018<br><br>&#8211; Estudio diagn\u00f3stico de la estructura de madera del primer forjado para el&nbsp;<em>Informe de Da\u00f1os del Edificio en calle Guillem de Castro 67<\/em>, Valencia &#8211; 2018<br><br>&#8211; Estudio diagn\u00f3stico e identificaci\u00f3n de especies de la estructura de madera y estudio termogr\u00e1fico para el&nbsp;<em>Estudio Previo y Proyecto de Restauraci\u00f3n de una Barraca en El Palmar<\/em>, Valencia &#8211; 2018<br><br>&#8211; Estudio diagn\u00f3stico e identificaci\u00f3n de especies de la estructura de madera del edificio en calle L. Despuig, n. 7 &#8211; Valencia &#8211; 2017<br><br>&#8211; Identificaci\u00f3n microsc\u00f3pica de la madera y an\u00e1lisis dendrocronol\u00f3gico de&nbsp;&nbsp;cinco elementos de cubierta y carpinter\u00eda del&nbsp;&nbsp;Edificio en calle Cruz Nueva, 10 &#8211; Valencia &#8211; 2017<br><br>&#8211; An\u00e1lisis de la madera: identificaci\u00f3n microsc\u00f3pica y an\u00e1lisis dendrocronol\u00f3gico para el&nbsp;&nbsp;<em>Estudio Previo del Edificio Sito en Calle de la Sangre 4<\/em>, Valencia &#8211; 2016<br><br>&#8211; Identificaci\u00f3n microsc\u00f3pica de la madera del pulgar de la antigua estatua de madera del Cristo de Ontinyent, Valencia &#8211; 2016<br><br>&#8211; An\u00e1lisis dendrocronol\u00f3gico e identificaci\u00f3n microsc\u00f3pica de la madera de ocho vigas de forjados y cubiertas del Palacio del Temple, Valencia &#8211; 2016<\/p>\n<\/div>\n\n\n\n<div class=\"wp-block-column is-layout-flow wp-block-column-is-layout-flow\">\n<figure class=\"wp-block-gallery has-nested-images columns-2 is-cropped wp-block-gallery-1 is-layout-flex wp-block-gallery-is-layout-flex\">\n<figure class=\"wp-block-image size-large\"><img loading=\"lazy\" decoding=\"async\" width=\"1024\" height=\"611\" data-id=\"2286\" src=\"https:\/\/pegaso.webs.upv.es\/wp-content\/uploads\/2021\/02\/2-Palacio-del-Temple-1-1024x611.jpg\" alt=\"\" class=\"wp-image-2286\" srcset=\"https:\/\/pegaso.webs.upv.es\/wp-content\/uploads\/2021\/02\/2-Palacio-del-Temple-1-1024x611.jpg 1024w, https:\/\/pegaso.webs.upv.es\/wp-content\/uploads\/2021\/02\/2-Palacio-del-Temple-1-300x179.jpg 300w, https:\/\/pegaso.webs.upv.es\/wp-content\/uploads\/2021\/02\/2-Palacio-del-Temple-1-768x459.jpg 768w, https:\/\/pegaso.webs.upv.es\/wp-content\/uploads\/2021\/02\/2-Palacio-del-Temple-1-1536x917.jpg 1536w, https:\/\/pegaso.webs.upv.es\/wp-content\/uploads\/2021\/02\/2-Palacio-del-Temple-1-2048x1223.jpg 2048w\" sizes=\"auto, (max-width: 1024px) 100vw, 1024px\" \/><figcaption class=\"wp-element-caption\"><sub>An\u00e1lisis dendrocronol\u00f3gico del Palacio del Temple, Valencia<\/sub><\/figcaption><\/figure>\n\n\n\n<figure class=\"wp-block-image size-large\"><img loading=\"lazy\" decoding=\"async\" width=\"1024\" height=\"768\" data-id=\"2287\" src=\"https:\/\/pegaso.webs.upv.es\/wp-content\/uploads\/2021\/02\/3-Palacio-en-BBenicarlo-2-1024x768.jpg\" alt=\"\" class=\"wp-image-2287\" srcset=\"https:\/\/pegaso.webs.upv.es\/wp-content\/uploads\/2021\/02\/3-Palacio-en-BBenicarlo-2-1024x768.jpg 1024w, https:\/\/pegaso.webs.upv.es\/wp-content\/uploads\/2021\/02\/3-Palacio-en-BBenicarlo-2-300x225.jpg 300w, https:\/\/pegaso.webs.upv.es\/wp-content\/uploads\/2021\/02\/3-Palacio-en-BBenicarlo-2-768x576.jpg 768w, https:\/\/pegaso.webs.upv.es\/wp-content\/uploads\/2021\/02\/3-Palacio-en-BBenicarlo-2.jpg 1469w\" sizes=\"auto, (max-width: 1024px) 100vw, 1024px\" \/><figcaption class=\"wp-element-caption\"><sub>An\u00e1lisis dendrocronol\u00f3gico del Palacio de Benicarl\u00f3, Castell\u00f3n<\/sub><\/figcaption><\/figure>\n\n\n\n<figure class=\"wp-block-image size-large\"><img loading=\"lazy\" decoding=\"async\" width=\"1024\" height=\"768\" data-id=\"2288\" src=\"https:\/\/pegaso.webs.upv.es\/wp-content\/uploads\/2021\/02\/4-Consulado-del-Mar-Lonja-1-1024x768.jpg\" alt=\"\" class=\"wp-image-2288\" srcset=\"https:\/\/pegaso.webs.upv.es\/wp-content\/uploads\/2021\/02\/4-Consulado-del-Mar-Lonja-1-1024x768.jpg 1024w, https:\/\/pegaso.webs.upv.es\/wp-content\/uploads\/2021\/02\/4-Consulado-del-Mar-Lonja-1-300x225.jpg 300w, https:\/\/pegaso.webs.upv.es\/wp-content\/uploads\/2021\/02\/4-Consulado-del-Mar-Lonja-1-768x576.jpg 768w, https:\/\/pegaso.webs.upv.es\/wp-content\/uploads\/2021\/02\/4-Consulado-del-Mar-Lonja-1-1536x1152.jpg 1536w, https:\/\/pegaso.webs.upv.es\/wp-content\/uploads\/2021\/02\/4-Consulado-del-Mar-Lonja-1.jpg 2048w\" sizes=\"auto, (max-width: 1024px) 100vw, 1024px\" \/><figcaption class=\"wp-element-caption\"><sub>Estudio de los forjados y cubiertas del Consulado del Mar, Lonja de Valencia<\/sub><\/figcaption><\/figure>\n\n\n\n<figure class=\"wp-block-image size-large\"><img loading=\"lazy\" decoding=\"async\" width=\"992\" height=\"986\" data-id=\"2289\" src=\"https:\/\/pegaso.webs.upv.es\/wp-content\/uploads\/2021\/02\/5-Gaudi-Finca-Guell.jpg\" alt=\"\" class=\"wp-image-2289\" srcset=\"https:\/\/pegaso.webs.upv.es\/wp-content\/uploads\/2021\/02\/5-Gaudi-Finca-Guell.jpg 992w, https:\/\/pegaso.webs.upv.es\/wp-content\/uploads\/2021\/02\/5-Gaudi-Finca-Guell-300x298.jpg 300w, https:\/\/pegaso.webs.upv.es\/wp-content\/uploads\/2021\/02\/5-Gaudi-Finca-Guell-150x150.jpg 150w, https:\/\/pegaso.webs.upv.es\/wp-content\/uploads\/2021\/02\/5-Gaudi-Finca-Guell-768x763.jpg 768w, https:\/\/pegaso.webs.upv.es\/wp-content\/uploads\/2021\/02\/5-Gaudi-Finca-Guell-230x230.jpg 230w\" sizes=\"auto, (max-width: 992px) 100vw, 992px\" \/><figcaption class=\"wp-element-caption\"><sub>Termograf\u00eda de las b\u00f3vedas en la Finca G\u00fcell, Barcelona<\/sub><\/figcaption><\/figure>\n<\/figure>\n\n\n\n<figure class=\"wp-block-gallery has-nested-images columns-1 is-cropped wp-block-gallery-2 is-layout-flex wp-block-gallery-is-layout-flex\">\n<figure class=\"wp-block-image size-large\"><img loading=\"lazy\" decoding=\"async\" width=\"1024\" height=\"440\" data-id=\"2291\" src=\"https:\/\/pegaso.webs.upv.es\/wp-content\/uploads\/2021\/02\/Diagnostico-del-Palacio-de-Benicarlo-1024x440.jpg\" alt=\"\" class=\"wp-image-2291\" srcset=\"https:\/\/pegaso.webs.upv.es\/wp-content\/uploads\/2021\/02\/Diagnostico-del-Palacio-de-Benicarlo-1024x440.jpg 1024w, https:\/\/pegaso.webs.upv.es\/wp-content\/uploads\/2021\/02\/Diagnostico-del-Palacio-de-Benicarlo-300x129.jpg 300w, https:\/\/pegaso.webs.upv.es\/wp-content\/uploads\/2021\/02\/Diagnostico-del-Palacio-de-Benicarlo-768x330.jpg 768w, https:\/\/pegaso.webs.upv.es\/wp-content\/uploads\/2021\/02\/Diagnostico-del-Palacio-de-Benicarlo-1536x660.jpg 1536w, https:\/\/pegaso.webs.upv.es\/wp-content\/uploads\/2021\/02\/Diagnostico-del-Palacio-de-Benicarlo.jpg 1816w\" sizes=\"auto, (max-width: 1024px) 100vw, 1024px\" \/><figcaption class=\"wp-element-caption\"><sub>Planos de diagn\u00f3stico del Palacio de Benicarl\u00f3, Castell\u00f3n<\/sub><\/figcaption><\/figure>\n\n\n\n<figure class=\"wp-block-image size-large\"><img loading=\"lazy\" decoding=\"async\" width=\"807\" height=\"1024\" data-id=\"2310\" src=\"https:\/\/pegaso.webs.upv.es\/wp-content\/uploads\/2021\/03\/Madera-Sesga2-1-807x1024.jpg\" alt=\"\" class=\"wp-image-2310\" srcset=\"https:\/\/pegaso.webs.upv.es\/wp-content\/uploads\/2021\/03\/Madera-Sesga2-1-807x1024.jpg 807w, https:\/\/pegaso.webs.upv.es\/wp-content\/uploads\/2021\/03\/Madera-Sesga2-1-236x300.jpg 236w, https:\/\/pegaso.webs.upv.es\/wp-content\/uploads\/2021\/03\/Madera-Sesga2-1-768x975.jpg 768w, https:\/\/pegaso.webs.upv.es\/wp-content\/uploads\/2021\/03\/Madera-Sesga2-1-1210x1536.jpg 1210w, https:\/\/pegaso.webs.upv.es\/wp-content\/uploads\/2021\/03\/Madera-Sesga2-1.jpg 1220w\" sizes=\"auto, (max-width: 807px) 100vw, 807px\" \/><figcaption class=\"wp-element-caption\"><sub>Estudio de la madera de una vivienda en Sesga, Ademuz<\/sub><\/figcaption><\/figure>\n<\/figure>\n<\/div>\n<\/div>\n","protected":false},"excerpt":{"rendered":"<p>ESTUDIO DE LA MADERA INVESTIGADORA: Alicia Hueto Escobar. El laboratorio tiene como objetivo&nbsp;estudiar la madera empleada hist\u00f3ricamente en el patrimonio principalmente a nivel estructural&nbsp;y ocasionalmente en elementos no estructurales. En primer lugar, la actividad del laboratorio se concentra en el<\/p>\n","protected":false},"author":1,"featured_media":0,"parent":0,"menu_order":0,"comment_status":"closed","ping_status":"closed","template":"","meta":{"footnotes":""},"class_list":["post-2280","page","type-page","status-publish","hentry"],"yoast_head":"<!-- This site is optimized with the Yoast SEO plugin v27.6 - https:\/\/yoast.com\/product\/yoast-seo-wordpress\/ -->\n<title>Estudio de la madera - Pegaso<\/title>\n<meta name=\"robots\" content=\"index, follow, max-snippet:-1, max-image-preview:large, max-video-preview:-1\" \/>\n<link rel=\"canonical\" href=\"https:\/\/pegaso.webs.upv.es\/index.php\/estudio-de-la-madera\/\" \/>\n<meta property=\"og:locale\" content=\"es_ES\" \/>\n<meta property=\"og:type\" content=\"article\" \/>\n<meta property=\"og:title\" content=\"Estudio de la madera - Pegaso\" \/>\n<meta property=\"og:description\" content=\"ESTUDIO DE LA MADERA INVESTIGADORA: Alicia Hueto Escobar. El laboratorio tiene como objetivo&nbsp;estudiar la madera empleada hist\u00f3ricamente en el patrimonio principalmente a nivel estructural&nbsp;y ocasionalmente en elementos no estructurales. En primer lugar, la actividad del laboratorio se concentra en el\" \/>\n<meta property=\"og:url\" content=\"https:\/\/pegaso.webs.upv.es\/index.php\/estudio-de-la-madera\/\" \/>\n<meta property=\"og:site_name\" content=\"Pegaso\" \/>\n<meta property=\"article:modified_time\" content=\"2024-03-06T10:13:17+00:00\" \/>\n<meta property=\"og:image\" content=\"https:\/\/pegaso.webs.upv.es\/wp-content\/uploads\/2021\/02\/2-Palacio-del-Temple-1-1024x611.jpg\" \/>\n<meta name=\"twitter:card\" content=\"summary_large_image\" \/>\n<meta name=\"twitter:label1\" content=\"Tiempo de lectura\" \/>\n\t<meta name=\"twitter:data1\" content=\"5 minutos\" \/>\n<script type=\"application\/ld+json\" class=\"yoast-schema-graph\">{\"@context\":\"https:\\\/\\\/schema.org\",\"@graph\":[{\"@type\":\"WebPage\",\"@id\":\"https:\\\/\\\/pegaso.webs.upv.es\\\/index.php\\\/estudio-de-la-madera\\\/\",\"url\":\"https:\\\/\\\/pegaso.webs.upv.es\\\/index.php\\\/estudio-de-la-madera\\\/\",\"name\":\"Estudio de la madera - Pegaso\",\"isPartOf\":{\"@id\":\"https:\\\/\\\/pegaso.webs.upv.es\\\/#website\"},\"primaryImageOfPage\":{\"@id\":\"https:\\\/\\\/pegaso.webs.upv.es\\\/index.php\\\/estudio-de-la-madera\\\/#primaryimage\"},\"image\":{\"@id\":\"https:\\\/\\\/pegaso.webs.upv.es\\\/index.php\\\/estudio-de-la-madera\\\/#primaryimage\"},\"thumbnailUrl\":\"https:\\\/\\\/pegaso.webs.upv.es\\\/wp-content\\\/uploads\\\/2021\\\/02\\\/2-Palacio-del-Temple-1-1024x611.jpg\",\"datePublished\":\"2021-02-28T19:10:41+00:00\",\"dateModified\":\"2024-03-06T10:13:17+00:00\",\"breadcrumb\":{\"@id\":\"https:\\\/\\\/pegaso.webs.upv.es\\\/index.php\\\/estudio-de-la-madera\\\/#breadcrumb\"},\"inLanguage\":\"es\",\"potentialAction\":[{\"@type\":\"ReadAction\",\"target\":[\"https:\\\/\\\/pegaso.webs.upv.es\\\/index.php\\\/estudio-de-la-madera\\\/\"]}]},{\"@type\":\"ImageObject\",\"inLanguage\":\"es\",\"@id\":\"https:\\\/\\\/pegaso.webs.upv.es\\\/index.php\\\/estudio-de-la-madera\\\/#primaryimage\",\"url\":\"https:\\\/\\\/pegaso.webs.upv.es\\\/wp-content\\\/uploads\\\/2021\\\/02\\\/2-Palacio-del-Temple-1-scaled.jpg\",\"contentUrl\":\"https:\\\/\\\/pegaso.webs.upv.es\\\/wp-content\\\/uploads\\\/2021\\\/02\\\/2-Palacio-del-Temple-1-scaled.jpg\",\"width\":2560,\"height\":1528},{\"@type\":\"BreadcrumbList\",\"@id\":\"https:\\\/\\\/pegaso.webs.upv.es\\\/index.php\\\/estudio-de-la-madera\\\/#breadcrumb\",\"itemListElement\":[{\"@type\":\"ListItem\",\"position\":1,\"name\":\"Home\",\"item\":\"https:\\\/\\\/pegaso.webs.upv.es\\\/\"},{\"@type\":\"ListItem\",\"position\":2,\"name\":\"Estudio de la madera\"}]},{\"@type\":\"WebSite\",\"@id\":\"https:\\\/\\\/pegaso.webs.upv.es\\\/#website\",\"url\":\"https:\\\/\\\/pegaso.webs.upv.es\\\/\",\"name\":\"Pegaso\",\"description\":\"\",\"publisher\":{\"@id\":\"https:\\\/\\\/pegaso.webs.upv.es\\\/#organization\"},\"potentialAction\":[{\"@type\":\"SearchAction\",\"target\":{\"@type\":\"EntryPoint\",\"urlTemplate\":\"https:\\\/\\\/pegaso.webs.upv.es\\\/?s={search_term_string}\"},\"query-input\":{\"@type\":\"PropertyValueSpecification\",\"valueRequired\":true,\"valueName\":\"search_term_string\"}}],\"inLanguage\":\"es\"},{\"@type\":\"Organization\",\"@id\":\"https:\\\/\\\/pegaso.webs.upv.es\\\/#organization\",\"name\":\"pegaso\",\"url\":\"https:\\\/\\\/pegaso.webs.upv.es\\\/\",\"logo\":{\"@type\":\"ImageObject\",\"inLanguage\":\"es\",\"@id\":\"https:\\\/\\\/pegaso.webs.upv.es\\\/#\\\/schema\\\/logo\\\/image\\\/\",\"url\":\"https:\\\/\\\/pegaso.webs.upv.es\\\/wp-content\\\/uploads\\\/2020\\\/06\\\/cropped-logos-cabecera-scaled-1.jpg\",\"contentUrl\":\"https:\\\/\\\/pegaso.webs.upv.es\\\/wp-content\\\/uploads\\\/2020\\\/06\\\/cropped-logos-cabecera-scaled-1.jpg\",\"width\":2560,\"height\":223,\"caption\":\"pegaso\"},\"image\":{\"@id\":\"https:\\\/\\\/pegaso.webs.upv.es\\\/#\\\/schema\\\/logo\\\/image\\\/\"}}]}<\/script>\n<!-- \/ Yoast SEO plugin. -->","yoast_head_json":{"title":"Estudio de la madera - Pegaso","robots":{"index":"index","follow":"follow","max-snippet":"max-snippet:-1","max-image-preview":"max-image-preview:large","max-video-preview":"max-video-preview:-1"},"canonical":"https:\/\/pegaso.webs.upv.es\/index.php\/estudio-de-la-madera\/","og_locale":"es_ES","og_type":"article","og_title":"Estudio de la madera - Pegaso","og_description":"ESTUDIO DE LA MADERA INVESTIGADORA: Alicia Hueto Escobar. El laboratorio tiene como objetivo&nbsp;estudiar la madera empleada hist\u00f3ricamente en el patrimonio principalmente a nivel estructural&nbsp;y ocasionalmente en elementos no estructurales. En primer lugar, la actividad del laboratorio se concentra en el","og_url":"https:\/\/pegaso.webs.upv.es\/index.php\/estudio-de-la-madera\/","og_site_name":"Pegaso","article_modified_time":"2024-03-06T10:13:17+00:00","og_image":[{"url":"https:\/\/pegaso.webs.upv.es\/wp-content\/uploads\/2021\/02\/2-Palacio-del-Temple-1-1024x611.jpg","type":"","width":"","height":""}],"twitter_card":"summary_large_image","twitter_misc":{"Tiempo de lectura":"5 minutos"},"schema":{"@context":"https:\/\/schema.org","@graph":[{"@type":"WebPage","@id":"https:\/\/pegaso.webs.upv.es\/index.php\/estudio-de-la-madera\/","url":"https:\/\/pegaso.webs.upv.es\/index.php\/estudio-de-la-madera\/","name":"Estudio de la madera - Pegaso","isPartOf":{"@id":"https:\/\/pegaso.webs.upv.es\/#website"},"primaryImageOfPage":{"@id":"https:\/\/pegaso.webs.upv.es\/index.php\/estudio-de-la-madera\/#primaryimage"},"image":{"@id":"https:\/\/pegaso.webs.upv.es\/index.php\/estudio-de-la-madera\/#primaryimage"},"thumbnailUrl":"https:\/\/pegaso.webs.upv.es\/wp-content\/uploads\/2021\/02\/2-Palacio-del-Temple-1-1024x611.jpg","datePublished":"2021-02-28T19:10:41+00:00","dateModified":"2024-03-06T10:13:17+00:00","breadcrumb":{"@id":"https:\/\/pegaso.webs.upv.es\/index.php\/estudio-de-la-madera\/#breadcrumb"},"inLanguage":"es","potentialAction":[{"@type":"ReadAction","target":["https:\/\/pegaso.webs.upv.es\/index.php\/estudio-de-la-madera\/"]}]},{"@type":"ImageObject","inLanguage":"es","@id":"https:\/\/pegaso.webs.upv.es\/index.php\/estudio-de-la-madera\/#primaryimage","url":"https:\/\/pegaso.webs.upv.es\/wp-content\/uploads\/2021\/02\/2-Palacio-del-Temple-1-scaled.jpg","contentUrl":"https:\/\/pegaso.webs.upv.es\/wp-content\/uploads\/2021\/02\/2-Palacio-del-Temple-1-scaled.jpg","width":2560,"height":1528},{"@type":"BreadcrumbList","@id":"https:\/\/pegaso.webs.upv.es\/index.php\/estudio-de-la-madera\/#breadcrumb","itemListElement":[{"@type":"ListItem","position":1,"name":"Home","item":"https:\/\/pegaso.webs.upv.es\/"},{"@type":"ListItem","position":2,"name":"Estudio de la madera"}]},{"@type":"WebSite","@id":"https:\/\/pegaso.webs.upv.es\/#website","url":"https:\/\/pegaso.webs.upv.es\/","name":"Pegaso","description":"","publisher":{"@id":"https:\/\/pegaso.webs.upv.es\/#organization"},"potentialAction":[{"@type":"SearchAction","target":{"@type":"EntryPoint","urlTemplate":"https:\/\/pegaso.webs.upv.es\/?s={search_term_string}"},"query-input":{"@type":"PropertyValueSpecification","valueRequired":true,"valueName":"search_term_string"}}],"inLanguage":"es"},{"@type":"Organization","@id":"https:\/\/pegaso.webs.upv.es\/#organization","name":"pegaso","url":"https:\/\/pegaso.webs.upv.es\/","logo":{"@type":"ImageObject","inLanguage":"es","@id":"https:\/\/pegaso.webs.upv.es\/#\/schema\/logo\/image\/","url":"https:\/\/pegaso.webs.upv.es\/wp-content\/uploads\/2020\/06\/cropped-logos-cabecera-scaled-1.jpg","contentUrl":"https:\/\/pegaso.webs.upv.es\/wp-content\/uploads\/2020\/06\/cropped-logos-cabecera-scaled-1.jpg","width":2560,"height":223,"caption":"pegaso"},"image":{"@id":"https:\/\/pegaso.webs.upv.es\/#\/schema\/logo\/image\/"}}]}},"jetpack_sharing_enabled":true,"_links":{"self":[{"href":"https:\/\/pegaso.webs.upv.es\/index.php\/wp-json\/wp\/v2\/pages\/2280","targetHints":{"allow":["GET"]}}],"collection":[{"href":"https:\/\/pegaso.webs.upv.es\/index.php\/wp-json\/wp\/v2\/pages"}],"about":[{"href":"https:\/\/pegaso.webs.upv.es\/index.php\/wp-json\/wp\/v2\/types\/page"}],"author":[{"embeddable":true,"href":"https:\/\/pegaso.webs.upv.es\/index.php\/wp-json\/wp\/v2\/users\/1"}],"replies":[{"embeddable":true,"href":"https:\/\/pegaso.webs.upv.es\/index.php\/wp-json\/wp\/v2\/comments?post=2280"}],"version-history":[{"count":15,"href":"https:\/\/pegaso.webs.upv.es\/index.php\/wp-json\/wp\/v2\/pages\/2280\/revisions"}],"predecessor-version":[{"id":2475,"href":"https:\/\/pegaso.webs.upv.es\/index.php\/wp-json\/wp\/v2\/pages\/2280\/revisions\/2475"}],"wp:attachment":[{"href":"https:\/\/pegaso.webs.upv.es\/index.php\/wp-json\/wp\/v2\/media?parent=2280"}],"curies":[{"name":"wp","href":"https:\/\/api.w.org\/{rel}","templated":true}]}}