{"id":522,"date":"2020-10-26T11:03:48","date_gmt":"2020-10-26T11:03:48","guid":{"rendered":"https:\/\/pegaso.webs.upv.es\/?page_id=522"},"modified":"2025-11-27T20:07:58","modified_gmt":"2025-11-27T20:07:58","slug":"miembros","status":"publish","type":"page","link":"https:\/\/pegaso.webs.upv.es\/index.php\/miembros\/","title":{"rendered":"Quienes somos"},"content":{"rendered":"\n<p class=\"justificar has-black-color has-text-color\" style=\"font-size:14px\">El centro aglutina a personal investigador especializado en diferentes disciplinas alrededor de la&nbsp;<strong>arquitectura<\/strong>&nbsp;y el&nbsp;<strong>patrimonio arquitect\u00f3nico<\/strong>&nbsp;(conservaci\u00f3n del patrimonio arquitect\u00f3nico, levantamiento y estudios previos, estructuras hist\u00f3ricas, cooperaci\u00f3n al desarrollo, gesti\u00f3n del uso p\u00fablico y turismo, materiales y t\u00e9cnicas tradicionales, desarrollo sostenible, etc.).<\/p>\n\n\n\n<hr class=\"wp-block-separator has-css-opacity\"\/>\n\n\n\n<p class=\"has-text-color\" style=\"color:#181818\"><strong>DIRECCI\u00d3N<\/strong><\/p>\n\n\n\n<p class=\"has-text-color\" style=\"color:#181818;font-size:14px\"><\/p>\n\n\n\n<div class=\"wp-block-columns is-layout-flex wp-container-core-columns-is-layout-28f84493 wp-block-columns-is-layout-flex\">\n<div class=\"wp-block-column is-layout-flow wp-block-column-is-layout-flow\">\n<p class=\"has-black-color has-text-color\" style=\"font-size:14px\">Director:<br><strong><a href=\"http:\/\/www.upv.es\/ficha-personal\/prnavarr\" target=\"_blank\" rel=\"noreferrer noopener\">Rodr\u00edguez Navarro, Pablo<\/a><\/strong>. Catedr\u00e1tico de Universidad<\/p>\n\n\n\n<p class=\"has-black-color has-text-color has-link-color wp-elements-c56c44cbbeab2aa176972c774411030c\" style=\"font-size:14px\"><\/p>\n\n\n\n<p class=\"has-black-color has-text-color has-link-color wp-elements-c56c44cbbeab2aa176972c774411030c\" style=\"font-size:14px\"><\/p>\n<\/div>\n\n\n\n<div class=\"wp-block-column is-layout-flow wp-block-column-is-layout-flow\">\n<p class=\"has-black-color has-text-color\" style=\"font-size:14px\">Secretario:<br><strong><a href=\"http:\/\/www.upv.es\/ficha-personal\/jsongel\" target=\"_blank\" rel=\"noreferrer noopener\">Songel Gonz\u00e1lez, Juan Mar\u00eda.<\/a><\/strong> Titular de Universidad<\/p>\n\n\n\n<p class=\"has-black-color has-text-color\" style=\"font-size:14px\">Subdirecci\u00f3n de Valoraci\u00f3n de la Investigaci\u00f3n:<br><strong><a href=\"http:\/\/www.upv.es\/ficha-personal\/macafu\" target=\"_blank\" rel=\"noreferrer noopener\">Casar Furi\u00f3, Mar\u00eda Emilia<\/a><\/strong>. Titular de Universidad<\/p>\n\n\n\n<p class=\"has-black-color has-text-color\" style=\"font-size:14px\">Subdirecci\u00f3n de Difusi\u00f3n Cient\u00edfica:<br><strong><a href=\"https:\/\/www.upv.es\/ficha-personal\/laugisan\" target=\"_blank\" rel=\"noreferrer noopener\">Gilabert Sansalvador, Laura<\/a><\/strong>. Profesora Permanente Laboral<\/p>\n<\/div>\n<\/div>\n\n\n\n<div style=\"height:28px\" aria-hidden=\"true\" class=\"wp-block-spacer\"><\/div>\n\n\n\n<p><strong><span style=\"color:#181818\" class=\"has-inline-color\">MIEMBROS<\/span><\/strong><\/p>\n\n\n\n<div class=\"wp-block-columns is-layout-flex wp-container-core-columns-is-layout-28f84493 wp-block-columns-is-layout-flex\">\n<div class=\"wp-block-column is-layout-flow wp-block-column-is-layout-flow\">\n<p class=\"has-text-color\" style=\"color:#181818;font-size:14px\"><strong><a href=\"https:\/\/www.upv.es\/ficha-personal\/cami2\" target=\"_blank\" rel=\"noreferrer noopener\">Mileto, Camilla<\/a>.<\/strong> Catedr\u00e1tica de Universidad<br><strong><a href=\"http:\/\/www.upv.es\/ficha-personal\/gmcosme\" target=\"_blank\" rel=\"noreferrer noopener\">Mu\u00f1oz Cosme, Gaspar<\/a>.<\/strong> Catedr\u00e1tico de Universidad<br><strong><a href=\"http:\/\/www.upv.es\/ficha-personal\/fvegas\" target=\"_blank\" rel=\"noreferrer noopener\">Vegas L\u00f3pez\u2010Manzanares, Fernando<\/a>.<\/strong> Catedr\u00e1tico de Universidad<br><strong><a href=\"http:\/\/www.upv.es\/ficha-personal\/mvinals\" target=\"_blank\" rel=\"noreferrer noopener\">Vi\u00f1als Blasco, Mar\u00eda Jos\u00e9<\/a>.<\/strong> Catedr\u00e1tica de Universidad<br><strong><a href=\"http:\/\/www.upv.es\/ficha-personal\/mlopezg\" target=\"_blank\" rel=\"noreferrer noopener\">L\u00f3pez Gonz\u00e1lez, Concepci\u00f3n<\/a>.<\/strong> Catedr\u00e1tica de Universidad<br><strong><a href=\"http:\/\/www.upv.es\/ficha-personal\/vacri\" target=\"_blank\" rel=\"noreferrer noopener\">Cristini, Valentina<\/a>.<\/strong> Titular de Universidad<br><strong><a href=\"http:\/\/www.upv.es\/ficha-personal\/ligarso\" target=\"_blank\" rel=\"noreferrer noopener\">Garc\u00eda Soriano, Lidia<\/a>.<\/strong> Titular de Universidad<br><strong><a href=\"http:\/\/www.upv.es\/ficha-personal\/jgvallde\" target=\"_blank\" rel=\"noreferrer noopener\">Garc\u00eda Valldecabres, Jorge<\/a><\/strong>. Titular de Universidad<br><strong><a href=\"http:\/\/www.upv.es\/ficha-personal\/tgil\" target=\"_blank\" rel=\"noreferrer noopener\">Gil Piqueras, M. Teresa<\/a>.<\/strong> Titular de Universidad<br><strong><a href=\"http:\/\/www.upv.es\/ficha-personal\/magiri1\" target=\"_blank\" rel=\"noreferrer noopener\">Gim\u00e9nez Ribera, Manuel<\/a>. <\/strong>Titular de Universidad<br><br><\/p>\n<\/div>\n\n\n\n<div class=\"wp-block-column is-layout-flow wp-block-column-is-layout-flow\">\n<p class=\"has-text-color\" style=\"color:#181818;font-size:14px\"><strong><a href=\"http:\/\/www.upv.es\/ficha-personal\/rperello\" target=\"_blank\" rel=\"noreferrer noopener\">Perell\u00f3 Roso, Ricardo<\/a>.<\/strong> Titular de Universidad<br><strong><a href=\"http:\/\/www.upv.es\/ficha-personal\/msender\" target=\"_blank\" rel=\"noreferrer noopener\">Sender Contell, Marina<\/a><\/strong>. Titular de Universidad<br><strong><a href=\"http:\/\/www.upv.es\/ficha-personal\/fratorec\" target=\"_blank\" rel=\"noreferrer noopener\">Torrijo Echarri, Francisco Javier<\/a><\/strong>. Titular de Universidad<br><strong><a href=\"http:\/\/www.upv.es\/ficha-personal\/dteruel\" target=\"_blank\" rel=\"noreferrer noopener\">Teruel Serrano, Mar\u00eda Dolores<\/a><\/strong>. Profesora Permanente Laboral<br><strong><a href=\"http:\/\/www.upv.es\/ficha-personal\/numade\" target=\"_blank\" rel=\"noreferrer noopener\">Matarredona Desantes, Nuria<\/a><\/strong>. Profesora Permanente Laboral <br><strong><a href=\"http:\/\/www.upv.es\/ficha-personal\/anpeivi\" target=\"_blank\" rel=\"noreferrer noopener\">Peir\u00f3 Vitoria, Andrea<\/a><\/strong>. Profesora Permanente Laboral<br><strong><a href=\"http:\/\/www.upv.es\/ficha-personal\/pabes\" target=\"_blank\" rel=\"noreferrer noopener\">Escudero, Pablo Ariel<\/a><\/strong>. Profesor Ayudante Doctor<br><strong><a href=\"http:\/\/www.upv.es\/ficha-personal\/aruggie1\" target=\"_blank\" rel=\"noreferrer noopener\">Ruggieri, Andrea<\/a><\/strong>. Profesor Ayudante Doctor<br><strong><a href=\"http:\/\/www.upv.es\/ficha-personal\/anprevi\" target=\"_blank\" rel=\"noreferrer noopener\">P\u00e9rez Vila, Ana<\/a><\/strong>. Profesora asociada<br><\/p>\n<\/div>\n<\/div>\n\n\n\n<p class=\"has-black-color has-text-color\"><strong>PERSONAL DE INVESTIGACI\u00d3N CONTRATADO<\/strong><\/p>\n\n\n\n<div class=\"wp-block-columns is-layout-flex wp-container-core-columns-is-layout-28f84493 wp-block-columns-is-layout-flex\">\n<div class=\"wp-block-column is-layout-flow wp-block-column-is-layout-flow\">\n<p class=\"has-text-color\" style=\"color:#181818;font-size:14px\"><strong><a href=\"http:\/\/www.upv.es\/ficha-personal\/sermanfe\" target=\"_blank\" rel=\"noreferrer noopener\">Manzano Fern\u00e1ndez, Sergio<\/a>. <\/strong>Post-doc<br><strong><a href=\"http:\/\/www.upv.es\/ficha-personal\/serormo1\" target=\"_blank\" rel=\"noreferrer noopener\">Ort\u00edn Molina, Sergio<\/a>.<\/strong> FPU<br><a href=\"http:\/\/www.upv.es\/ficha-personal\/prorocar\" target=\"_blank\" rel=\"noreferrer noopener\"><strong>Orozco Carpio, Patricio<\/strong>. <\/a>FPI<a href=\"http:\/\/www.upv.es\/ficha-personal\/recorvi\" target=\"_blank\" rel=\"noreferrer noopener\"><br><strong>Rolim, Renan<\/strong><\/a>. FPU<br><br><br><br><\/p>\n<\/div>\n\n\n\n<div class=\"wp-block-column is-layout-flow wp-block-column-is-layout-flow\">\n<p class=\"has-text-color\" style=\"color:#181818;font-size:14px\"><a href=\"http:\/\/www.upv.es\/ficha-personal\/fsangom1\" target=\"_blank\" rel=\"noreferrer noopener\"><strong>Sandoval<\/strong> <strong>G\u00f3mez, Francisco<\/strong>.<\/a> FPI<br><strong><a href=\"http:\/\/www.upv.es\/ficha-personal\/viccanso\" target=\"_blank\" rel=\"noreferrer noopener\">Cantero Sol\u00eds, V\u00edctor<\/a>.<\/strong> Contratado<br><strong><a href=\"http:\/\/www.upv.es\/ficha-personal\/alhuees\" target=\"_blank\" rel=\"noreferrer noopener\">Hueto Escobar, Alicia<\/a>.<\/strong> Contratada<br><br><\/p>\n<\/div>\n<\/div>\n\n\n\n<p style=\"font-size:14px\"><a href=\"https:\/\/pegaso.webs.upv.es\/index.php\/equipo\/\">Volver<\/a><\/p>\n","protected":false},"excerpt":{"rendered":"<p>El centro aglutina a personal investigador especializado en diferentes disciplinas alrededor de la&nbsp;arquitectura&nbsp;y el&nbsp;patrimonio arquitect\u00f3nico&nbsp;(conservaci\u00f3n del patrimonio arquitect\u00f3nico, levantamiento y estudios previos, estructuras hist\u00f3ricas, cooperaci\u00f3n al desarrollo, gesti\u00f3n del uso p\u00fablico y turismo, materiales y t\u00e9cnicas tradicionales, desarrollo sostenible, etc.).<\/p>\n","protected":false},"author":1,"featured_media":0,"parent":0,"menu_order":0,"comment_status":"closed","ping_status":"closed","template":"","meta":{"footnotes":""},"class_list":["post-522","page","type-page","status-publish","hentry"],"yoast_head":"<!-- This site is optimized with the Yoast SEO plugin v27.4 - https:\/\/yoast.com\/product\/yoast-seo-wordpress\/ -->\n<title>Quienes somos - Pegaso<\/title>\n<meta name=\"robots\" content=\"index, follow, max-snippet:-1, max-image-preview:large, max-video-preview:-1\" \/>\n<link rel=\"canonical\" href=\"https:\/\/pegaso.webs.upv.es\/index.php\/miembros\/\" \/>\n<meta property=\"og:locale\" content=\"es_ES\" \/>\n<meta property=\"og:type\" content=\"article\" \/>\n<meta property=\"og:title\" content=\"Quienes somos - Pegaso\" \/>\n<meta property=\"og:description\" content=\"El centro aglutina a personal investigador especializado en diferentes disciplinas alrededor de la&nbsp;arquitectura&nbsp;y el&nbsp;patrimonio arquitect\u00f3nico&nbsp;(conservaci\u00f3n del patrimonio arquitect\u00f3nico, levantamiento y estudios previos, estructuras hist\u00f3ricas, cooperaci\u00f3n al desarrollo, gesti\u00f3n del uso p\u00fablico y turismo, materiales y t\u00e9cnicas tradicionales, desarrollo sostenible, etc.).\" \/>\n<meta property=\"og:url\" content=\"https:\/\/pegaso.webs.upv.es\/index.php\/miembros\/\" \/>\n<meta property=\"og:site_name\" content=\"Pegaso\" \/>\n<meta property=\"article:modified_time\" content=\"2025-11-27T20:07:58+00:00\" \/>\n<meta name=\"twitter:card\" content=\"summary_large_image\" \/>\n<meta name=\"twitter:label1\" content=\"Tiempo de lectura\" \/>\n\t<meta name=\"twitter:data1\" content=\"2 minutos\" \/>\n<script type=\"application\/ld+json\" class=\"yoast-schema-graph\">{\"@context\":\"https:\\\/\\\/schema.org\",\"@graph\":[{\"@type\":\"WebPage\",\"@id\":\"https:\\\/\\\/pegaso.webs.upv.es\\\/index.php\\\/miembros\\\/\",\"url\":\"https:\\\/\\\/pegaso.webs.upv.es\\\/index.php\\\/miembros\\\/\",\"name\":\"Quienes somos - Pegaso\",\"isPartOf\":{\"@id\":\"https:\\\/\\\/pegaso.webs.upv.es\\\/#website\"},\"datePublished\":\"2020-10-26T11:03:48+00:00\",\"dateModified\":\"2025-11-27T20:07:58+00:00\",\"breadcrumb\":{\"@id\":\"https:\\\/\\\/pegaso.webs.upv.es\\\/index.php\\\/miembros\\\/#breadcrumb\"},\"inLanguage\":\"es\",\"potentialAction\":[{\"@type\":\"ReadAction\",\"target\":[\"https:\\\/\\\/pegaso.webs.upv.es\\\/index.php\\\/miembros\\\/\"]}]},{\"@type\":\"BreadcrumbList\",\"@id\":\"https:\\\/\\\/pegaso.webs.upv.es\\\/index.php\\\/miembros\\\/#breadcrumb\",\"itemListElement\":[{\"@type\":\"ListItem\",\"position\":1,\"name\":\"Home\",\"item\":\"https:\\\/\\\/pegaso.webs.upv.es\\\/\"},{\"@type\":\"ListItem\",\"position\":2,\"name\":\"Quienes somos\"}]},{\"@type\":\"WebSite\",\"@id\":\"https:\\\/\\\/pegaso.webs.upv.es\\\/#website\",\"url\":\"https:\\\/\\\/pegaso.webs.upv.es\\\/\",\"name\":\"Pegaso\",\"description\":\"\",\"publisher\":{\"@id\":\"https:\\\/\\\/pegaso.webs.upv.es\\\/#organization\"},\"potentialAction\":[{\"@type\":\"SearchAction\",\"target\":{\"@type\":\"EntryPoint\",\"urlTemplate\":\"https:\\\/\\\/pegaso.webs.upv.es\\\/?s={search_term_string}\"},\"query-input\":{\"@type\":\"PropertyValueSpecification\",\"valueRequired\":true,\"valueName\":\"search_term_string\"}}],\"inLanguage\":\"es\"},{\"@type\":\"Organization\",\"@id\":\"https:\\\/\\\/pegaso.webs.upv.es\\\/#organization\",\"name\":\"pegaso\",\"url\":\"https:\\\/\\\/pegaso.webs.upv.es\\\/\",\"logo\":{\"@type\":\"ImageObject\",\"inLanguage\":\"es\",\"@id\":\"https:\\\/\\\/pegaso.webs.upv.es\\\/#\\\/schema\\\/logo\\\/image\\\/\",\"url\":\"https:\\\/\\\/pegaso.webs.upv.es\\\/wp-content\\\/uploads\\\/2020\\\/06\\\/cropped-logos-cabecera-scaled-1.jpg\",\"contentUrl\":\"https:\\\/\\\/pegaso.webs.upv.es\\\/wp-content\\\/uploads\\\/2020\\\/06\\\/cropped-logos-cabecera-scaled-1.jpg\",\"width\":2560,\"height\":223,\"caption\":\"pegaso\"},\"image\":{\"@id\":\"https:\\\/\\\/pegaso.webs.upv.es\\\/#\\\/schema\\\/logo\\\/image\\\/\"}}]}<\/script>\n<!-- \/ Yoast SEO plugin. -->","yoast_head_json":{"title":"Quienes somos - Pegaso","robots":{"index":"index","follow":"follow","max-snippet":"max-snippet:-1","max-image-preview":"max-image-preview:large","max-video-preview":"max-video-preview:-1"},"canonical":"https:\/\/pegaso.webs.upv.es\/index.php\/miembros\/","og_locale":"es_ES","og_type":"article","og_title":"Quienes somos - Pegaso","og_description":"El centro aglutina a personal investigador especializado en diferentes disciplinas alrededor de la&nbsp;arquitectura&nbsp;y el&nbsp;patrimonio arquitect\u00f3nico&nbsp;(conservaci\u00f3n del patrimonio arquitect\u00f3nico, levantamiento y estudios previos, estructuras hist\u00f3ricas, cooperaci\u00f3n al desarrollo, gesti\u00f3n del uso p\u00fablico y turismo, materiales y t\u00e9cnicas tradicionales, desarrollo sostenible, etc.).","og_url":"https:\/\/pegaso.webs.upv.es\/index.php\/miembros\/","og_site_name":"Pegaso","article_modified_time":"2025-11-27T20:07:58+00:00","twitter_card":"summary_large_image","twitter_misc":{"Tiempo de lectura":"2 minutos"},"schema":{"@context":"https:\/\/schema.org","@graph":[{"@type":"WebPage","@id":"https:\/\/pegaso.webs.upv.es\/index.php\/miembros\/","url":"https:\/\/pegaso.webs.upv.es\/index.php\/miembros\/","name":"Quienes somos - Pegaso","isPartOf":{"@id":"https:\/\/pegaso.webs.upv.es\/#website"},"datePublished":"2020-10-26T11:03:48+00:00","dateModified":"2025-11-27T20:07:58+00:00","breadcrumb":{"@id":"https:\/\/pegaso.webs.upv.es\/index.php\/miembros\/#breadcrumb"},"inLanguage":"es","potentialAction":[{"@type":"ReadAction","target":["https:\/\/pegaso.webs.upv.es\/index.php\/miembros\/"]}]},{"@type":"BreadcrumbList","@id":"https:\/\/pegaso.webs.upv.es\/index.php\/miembros\/#breadcrumb","itemListElement":[{"@type":"ListItem","position":1,"name":"Home","item":"https:\/\/pegaso.webs.upv.es\/"},{"@type":"ListItem","position":2,"name":"Quienes somos"}]},{"@type":"WebSite","@id":"https:\/\/pegaso.webs.upv.es\/#website","url":"https:\/\/pegaso.webs.upv.es\/","name":"Pegaso","description":"","publisher":{"@id":"https:\/\/pegaso.webs.upv.es\/#organization"},"potentialAction":[{"@type":"SearchAction","target":{"@type":"EntryPoint","urlTemplate":"https:\/\/pegaso.webs.upv.es\/?s={search_term_string}"},"query-input":{"@type":"PropertyValueSpecification","valueRequired":true,"valueName":"search_term_string"}}],"inLanguage":"es"},{"@type":"Organization","@id":"https:\/\/pegaso.webs.upv.es\/#organization","name":"pegaso","url":"https:\/\/pegaso.webs.upv.es\/","logo":{"@type":"ImageObject","inLanguage":"es","@id":"https:\/\/pegaso.webs.upv.es\/#\/schema\/logo\/image\/","url":"https:\/\/pegaso.webs.upv.es\/wp-content\/uploads\/2020\/06\/cropped-logos-cabecera-scaled-1.jpg","contentUrl":"https:\/\/pegaso.webs.upv.es\/wp-content\/uploads\/2020\/06\/cropped-logos-cabecera-scaled-1.jpg","width":2560,"height":223,"caption":"pegaso"},"image":{"@id":"https:\/\/pegaso.webs.upv.es\/#\/schema\/logo\/image\/"}}]}},"jetpack_sharing_enabled":true,"_links":{"self":[{"href":"https:\/\/pegaso.webs.upv.es\/index.php\/wp-json\/wp\/v2\/pages\/522","targetHints":{"allow":["GET"]}}],"collection":[{"href":"https:\/\/pegaso.webs.upv.es\/index.php\/wp-json\/wp\/v2\/pages"}],"about":[{"href":"https:\/\/pegaso.webs.upv.es\/index.php\/wp-json\/wp\/v2\/types\/page"}],"author":[{"embeddable":true,"href":"https:\/\/pegaso.webs.upv.es\/index.php\/wp-json\/wp\/v2\/users\/1"}],"replies":[{"embeddable":true,"href":"https:\/\/pegaso.webs.upv.es\/index.php\/wp-json\/wp\/v2\/comments?post=522"}],"version-history":[{"count":121,"href":"https:\/\/pegaso.webs.upv.es\/index.php\/wp-json\/wp\/v2\/pages\/522\/revisions"}],"predecessor-version":[{"id":2614,"href":"https:\/\/pegaso.webs.upv.es\/index.php\/wp-json\/wp\/v2\/pages\/522\/revisions\/2614"}],"wp:attachment":[{"href":"https:\/\/pegaso.webs.upv.es\/index.php\/wp-json\/wp\/v2\/media?parent=522"}],"curies":[{"name":"wp","href":"https:\/\/api.w.org\/{rel}","templated":true}]}}